when 39 is divided by (50/20)/((-2)/(-8))?
9
Let p be (4 + -7)/(1 - 0). Let j be 4/p*6/(-4). Suppose 5*u - v + 0*v - 88 = 0, -j*u + 40 = 2*v. Calculate the remainder when 52 is divided by u.
16
Let k(u) = -u**2 - 7*u - 2. Let v be k(-6). Let d(a) = -a + 11. Let l be d(8). Suppose 1 = v*m - l. Calculate the remainder when 2 is divided by m.
0
Calculate the remainder when 27*5*(-4)/(-6) is divided by 47.
43
Let m = -29 + 81. Calculate the remainder when m is divided by 7.
3
Suppose 4*k - 3*k = 0. Suppose 3*g + r - 103 = k, 0*g + 2*r + 168 = 5*g. Suppose 8*o - 60 = 3*o. What is the remainder when g is divided by o?
10
What is the remainder when (-8 - -1)/(2/(-4)) is divided by 5?
4
Let j = -117 + 185. What is the remainder when j is divided by 19?
11
Let x = -33 - -59. Let y(s) = -2*s - 5. Calculate the remainder when x is divided by y(-7).
8
Suppose 6 = a + 3. Suppose -w = 2*w + 2*h - 95, 5*h + 88 = a*w. Calculate the remainder when w is divided by 11.
9
Suppose -3*p + 94 = p - 2*f, 3*p - 5*f = 88. Suppose -26*w = -p*w - 65. What is the remainder when (4 + -3)*74/2 is divided by w?
11
Let j(t) = -4*t**3 + 2*t**2 - 1. What is the remainder when (-2)/((-1)/(17/2)) is divided by j(-1)?
2
Let x(y) = -y**3 + 8*y**2 - 7*y - 4. What is the remainder when x(6) is divided by 14?
12
Let m = -2 + -1. Let r be m*(-1 + -2)/(-3). Let a(t) = -t**3 - 2*t**2 - 2*t - 3. What is the remainder when 23 is divided by a(r)?
11
Suppose -2*f - h + 43 = 3*f, 4*h = 2*f - 4. Suppose 4*d - 2*s + 0*s = -14, 4*d + 4*s - 4 = 0. Let o = d - -5. What is the remainder when f is divided by o?
2
Let j(m) = -2*m**2 + 2*m + 3. Let f be j(-2). Let o = 25 + f. Calculate the remainder when 30 is divided by o.
14
Calculate the remainder when 2 is divided by -1 + -9*5/(-15).
0
Let a = -46 + 80. Suppose 0 = -3*d - 5*z + 44, -2*d - 2*d - z = -70. Calculate the remainder when a is divided by d.
16
Let j = -9 - -30. Calculate the remainder when j is divided by 6.
3
Suppose -11*x + 133 = 8*x. Calculate the remainder when 18 is divided by x.
4
Let h be (-7)/(-3) + (-6)/18. Calculate the remainder when 43 - (-6)/(6/h) is divided by (-40)/(-12)*(-54)/(-15).
9
Let t = -32 + 72. Suppose -2*h = -h + 5*b - 9, 4*b + 74 = 5*h. What is the remainder when t is divided by h?
12
Suppose 1861 = 15*n + 106. Calculate the remainder when n is divided by 41.
35
Suppose 6*f = 9*f - 102. Calculate the remainder when f is divided by 12.
10
Suppose -3*w = 2*w - 110. What is the remainder when 42 is divided by w?
20
Suppose 0 = 3*c + 2*n - 58, -3*n = 2*c - 24 - 23. Calculate the remainder when -47*(-3 + 1 + 1) is divided by c.
15
Suppose -25 = -7*c + 66. Calculate the remainder when 38 is divided by c.
12
Let g(r) be the first derivative of -r**3/3 + 3*r**2/2 - 2*r + 2. Let y be g(3). Let k = y + 12. What is the remainder when 28 is divided by k?
8
Suppose 0 = -3*l - 11 + 26. Suppose -l*y = 4*o - 113, 4*o - 56 = 2*y + 22. Calculate the remainder when 65 is divided by o.
21
Let t be ((-2)/(-4))/(1/114). Suppose -4*q = -3*q - 115. Let m = q - t. Calculate the remainder when m is divided by 20.
18
Calculate the remainder when 2 - (3 - (3 - -61)) is divided by 8.
7
Suppose 20 - 154 = -4*n + 2*d, 103 = 3*n + d. Calculate the remainder when n is divided by 12.
10
Let z = 0 + 3. Let v = 24 + -15. Let w = v - z. What is the remainder when 11 is divided by w?
5
Suppose -3*c - 5*y = -2*c - 21, -c - 4*y = -17. What is the remainder when 3 is divided by c?
0
Let a = -1 - -14. Let s = 9 - -40. What is the remainder when s is divided by a?
10
Suppose 2*w - 20 = -0*w + 2*f, w - 20 = -4*f. Let d be (16/w)/(2/3). Suppose -3*t = 4*r - 17, t + d*r - 1 - 2 = 0. What is the remainder when t is divided by 4?
3
Let r be 5/2*12/10. Suppose -5*k + 24 = 2*j, -6 = r*j - 4*j - k. What is the remainder when 15 is divided by j/(-4) - 76/(-8)?
6
Let y = -63 - -99. Suppose -11*u + 2*u + 117 = 0. Calculate the remainder when y is divided by u.
10
Let r be 2/3*1*3. Suppose -2*w + 5*w - 19 = -r*q, 5*w = -4*q + 33. Let f(c) = 8*c**3 - c**2 + 1. What is the remainder when f(1) is divided by w?
3
Suppose -5*x = -t - 3 - 4, t + 5*x = 13. Suppose -2*j + 2*o = -12, 7*j - 5*j = -t*o + 22. What is the remainder when 22 is divided by j?
6
Let f(n) = 14*n - 1. Let h be f(1). Let p(x) = 3*x - 7. Calculate the remainder when p(h) is divided by 11.
10
Calculate the remainder when (-18)/27 - 88/(-6) is divided by 8.
6
Suppose 9*f - 74 = 8*f. Calculate the remainder when f is divided by 25.
24
Let p(h) = -h - 1. Let n be p(-4). Suppose -9 = -g + n*o, 2*g + 17 = 5*g - 4*o. What is the remainder when 11 is divided by g?
2
Suppose 3*l + 0*l = 2*v - 106, l - 240 = -4*v. What is the remainder when v is divided by 30?
29
Let i(c) = c**3 + 5*c**2 + 4*c + 3. Let h = 6 + -9. Let z be i(h). Let b = z + -8. What is the remainder when b is divided by 1?
0
Let l be (0 - 10)/2*-1. Suppose l*w - 18 = 2*w. Suppose 5*d = -4*u + w*u - 30, 0 = -u - 5*d. Calculate the remainder when 19 is divided by u.
9
Let r(k) = k**2 - 3*k + 2. Let a be r(1). Suppose 4*w - 203 = 5*b, -2*w + 124 = -a*w + 2*b. Calculate the remainder when w is divided by 15.
12
Let c(b) = b - 1. Let m be c(6). Let o(u) = 3*u + 12. What is the remainder when o(m) is divided by 7?
6
Calculate the remainder when (-3 - 32/(-6))*3 is divided by (-3)/(-3 - (-6)/3).
1
Calculate the remainder when 268 + (4/4 - -1) - -1 is divided by 69.
64
Suppose 25*b - 30*b + 155 = 0. Calculate the remainder when b is divided by 16.
15
Suppose -2 = 2*x - 3*s - 18, -2*x - 3*s = -4. Let h(g) = 2*g + 2. Calculate the remainder when 23 is divided by h(x).
11
Suppose h = -2*g - 0*h + 2, -2*g + 3*h = 6. Suppose -36 = -g*b - 2*b. Let j(w) = -53*w. What is the remainder when j(-1) is divided by b?
17
Let g(u) = u**3 - 4*u**2 + 5*u - 6. What is the remainder when 26 is divided by g(4)?
12
Suppose 2*c + 0*c - 12 = 0. Let a be 216/3*(-4)/c. Let s = -21 - a. Calculate the remainder when s is divided by 7.
6
Suppose -2*l + 3*l + 3 = 0. Calculate the remainder when 12/(2/(-8)*l) is divided by 15/6*24/10.
4
Let z(l) = l**3 - 2*l**2 - 3*l + 1. Let v be z(3). Calculate the remainder when 4 is divided by 0 + v*(2 + 0).
0
Let f(l) = -8*l - 1. Let g be f(-8). What is the remainder when (-2)/(-4) + g/2 is divided by 17?
15
Suppose 3*k + 3*g = -0*g - 24, 3*g + 6 = 0. Calculate the remainder when 11 is divided by 0/(-7) - k*1.
5
Let s = -2 + 4. Suppose w = 3*w - s. Let c(n) = 4*n**2 - 2*n + 1. Calculate the remainder when 5 is divided by c(w).
2
Let b(q) = -2*q**3 + 14*q**2 + q + 2. Calculate the remainder when 14 is divided by b(7).
5
Let l be ((-1)/2)/(4/(-128)). What is the remainder when (-2)/6 + (-8)/(-6) + 27 is divided by l + (2/1)/(-2)?
13
Suppose 4*x - 5*x = 0. Calculate the remainder when 28 is divided by 13 - (-2 + x)/1.
13
Let i(f) = 11*f**2 - f + 1. Suppose -z - 48 = -3*u + 2*z, 88 = 4*u + 4*z. Calculate the remainder when u is divided by i(1).
8
Suppose 3*b + 27*n - 44 = 25*n, 2*b + 4*n = 40. Let o = 16 - 11. What is the remainder when b is divided by o?
2
Suppose u + 3*k = -3*u + 3, 2*k = -6. Suppose -2*c = -b + 6*b - 163, u*c - 96 = -3*b. What is the remainder when 97 is divided by b?
31
Let m = 6 + -2. Let k(p) = p**2 - p + 4. Calculate the remainder when k(m) is divided by 10.
6
Suppose -4*l + 3*s - 119 = -6*l, 0 = -4*l - 4*s + 236. Suppose 4*x = l + 2. Calculate the remainder when x is divided by 4.
3
Suppose -p - 3 = -2*v, 5*v = -5*p + 12 + 33. Calculate the remainder when 29 is divided by 1/v + (-118)/(-8).
14
Let y(h) be the second derivative of h**3 + 7*h**2/2 - h. Calculate the remainder when y(9) is divided by 21.
19
Let x(k) = -3*k - 7. Let z be x(-10). Suppose -3*j + z = -25. What is the remainder when 30 is divided by j?
14
Suppose -2*x = -n + x + 46, -n - 5*x = -14. What is the remainder when 133 is divided by n?
31
Suppose 0 = n + 5*d - 19, n + 3*n - 3*d = 53. What is the remainder when 27 is divided by n?
13
Let u(x) = x**3 - 8*x**2 + 13*x + 17. Suppose o + n - 26 = 0, -2*o - 23 = n - 80. Calculate the remainder when u(8) is divided by o.
28
Suppose -845 = -6*g + 1309. Calculate the remainder when g is divided by 12.
11
Suppose 4*w - 2*w - 6 = -n, 0 = 2*n - 4*w - 20. Calculate the remainder when 27 + -2*(0 - 1) is divided by n